ivided by 28?
12
Suppose 39*h - 2773 = 1283. What is the remainder when 341 is divided by h?
29
Suppose 23*x - 1095 = 18*x. Let f = x - 145. What is the remainder when f is divided by 26?
22
Let c(l) be the third derivative of l**4/12 + l**3/3 + 10*l**2. What is the remainder when 23 is divided by c(5)?
11
Let o(j) = -j**3 - 24*j**2 - 82*j + 11. What is the remainder when 254 is divided by o(-20)?
50
Let i(t) = -2*t + 13. Let h be i(4). Suppose -4*d + 4*w + 52 = 0, w = -h*d - 2*w + 25. Calculate the remainder when 45 is divided by d.
5
Let z = -34 + 38. Suppose 125 = 4*f + q, -z*f + 151 = f + 3*q. Calculate the remainder when 158 is divided by f.
30
What is the remainder when 97 is divided by 246/(-205)*10/(-4)?
1
Let q(c) = -2*c - 13 - 2*c + 2*c + c. What is the remainder when ((-2)/1)/((-8)/44) is divided by q(-16)?
2
Let t be 4/(-2) - (-20 - -16). Suppose 0 = -2*v + 7*v + s - 39, 1 = -v + t*s. What is the remainder when v is divided by 4?
3
What is the remainder when 320 is divided by ((-4)/7)/(8/(-196))?
12
Let m(i) = 4 - i**3 - 4*i + 6*i - i. Let a be m(0). Suppose -2*t + 6 = -a*q, 0 = 5*t - 3*t + 4*q - 38. Calculate the remainder when 30 is divided by t.
8
Let v(r) = r**2 - 12*r - 9. Let i be v(13). Suppose 0 = -u - i*u + 5. What is the remainder when u is divided by 1?
0
Let c(r) = -4*r - 6. Let n = 26 - 59. Let x be (-1)/(-2 + n/(-15)). Calculate the remainder when 26 is divided by c(x).
12
Let g(p) = 35*p**3 + 2*p - 1. Let v be g(1). Let k = v + -19. Calculate the remainder when (-1)/((-15)/(-6)) + 1992/30 is divided by k.
15
Suppose -16*k = -1701 + 53. What is the remainder when k is divided by 81?
22
Suppose 5*s + 46 - 16 = 0. Let c = s - -36. Calculate the remainder when 237 is divided by c.
27
Suppose -2*r + 2 = -10. Let u be 128/20 + 2/(-5). What is the remainder when u/12 - (-66)/4 is divided by r?
5
Calculate the remainder when (-1803)/(-21) + 3/21 - -3 is divided by 31.
27
Suppose -2836 = -6*t + 230. What is the remainder when t is divided by 27?
25
Let o be 2/(-3)*(2 + 1). What is the remainder when (6/(-10))/((-19)/1330) is divided by (-1)/(2*o/44)?
9
Suppose 47 = -2*p - 0*p - d, 0 = 5*d - 15. Let v = p + 46. What is the remainder when v is divided by 12?
9
Suppose 3*i - 4*g + 177 - 1135 = 0, -g + 953 = 3*i. What is the remainder when i is divided by 80?
78
Let u = -21 + 33. Let y = -319 + 328. Calculate the remainder when u is divided by y.
3
Calculate the remainder when ((-93)/2 + -4)/(4/(-16)) is divided by 43.
30
Suppose -2*p + 87 = 61. What is the remainder when p is divided by 6?
1
Suppose 77*a - 666 = 5340. What is the remainder when 322 is divided by a?
10
Suppose 765 + 826 = 4*j + a, -2*a = 5*j - 1988. What is the remainder when j is divided by 25?
23
Let l = -266 + 286. Calculate the remainder when 77 is divided by l.
17
Suppose 0 = -4*j + 3*v + 745, -j + 4*v + 76 + 94 = 0. What is the remainder when j is divided by 49?
43
Let m(t) = 3*t**2 - 13*t - 77. Calculate the remainder when m(11) is divided by 46.
5
Suppose 20*u + 132 = 672. Calculate the remainder when 96 is divided by u.
15
Let v = -10 + 41. Let z = -189 + 198. Calculate the remainder when v is divided by z.
4
Suppose t + 4*a + 2 = 0, 5*t = -a - 0*a + 9. Suppose -f = 5*d + 279, -d + t*d + 1347 = -5*f. Let p = -160 - f. What is the remainder when p is divided by 37?
35
Let i = -53 + 43. Let t(u) = -2*u - 13. Calculate the remainder when t(i) is divided by 3.
1
Let x(z) = z**3 - 5*z**2 - 23*z + 24. Calculate the remainder when 114 is divided by x(8).
18
What is the remainder when 133*((-32)/(-28) - (-14)/(-49)) is divided by 53?
8
Suppose -4*g + 3*g = -47. Let s = g - 18. What is the remainder when s is divided by 16?
13
Let c = -165 - -237. What is the remainder when c is divided by (-288)/(-15) - (-1)/(-5)?
15
Let o be (1 - 0)/(3/(-21)). Let z = o - -9. Suppose 0 = -z*l - 0*l + 5*t + 58, 0 = l - 2*t - 28. Calculate the remainder when 95 is divided by l.
23
Suppose -19*f + 1530 = -f. Calculate the remainder when f is divided by 25.
10
Suppose -18 = -15*p + 12*p. Suppose d - v - 22 = 0, d - 10 - 10 = 2*v. What is the remainder when 67 - (p/(-1) + 4) is divided by d?
21
Suppose -s + 136 = -3*t - 667, 2*s - 3*t = 1591. What is the remainder when s is divided by 36?
32
Let i = -16 + 10. Suppose 5*b = -2*s + 66, -2*s = -4*s + 6. Let k = b + i. What is the remainder when 16 is divided by k?
4
Let y be 1241/7 - 2/7. Suppose 3*d + 2*h - y = 0, d = -3*d - h + 231. What is the remainder when 110 is divided by d?
53
Suppose 2*b - 7139 = 921. Calculate the remainder when (7/(-3) - -2) + b/30 is divided by 27.
26
Let p(z) = -z**3 - 6*z**2 - 5*z + 11. Let w(b) = 3*b**2. Let y be w(1). Let f = 6 - y. What is the remainder when p(-5) is divided by f?
2
Let m be (-10)/25 - 34/(-10). Suppose 5*l = r + l - 19, m*l = 0. Calculate the remainder when 93 is divided by r.
17
Suppose 55 = 2*s - n, 3*n + 2*n = -2*s + 37. What is the remainder when 69 is divided by s?
17
Let m = 98 - 45. What is the remainder when m is divided by 21?
11
Suppose q - 3 = 2*q. Let w be (q/4)/(1/44). Calculate the remainder when 49 is divided by 3 - (1 - w/(-3)).
10
Let j = 302 + -296. What is the remainder when 36 is divided by j?
0
Suppose -97 = -3*d + 59. Let x = -25 + d. Calculate the remainder when x is divided by 14.
13
What is the remainder when 340 is divided by -19*(-6)/(72/6)*2?
17
Suppose 37*r = 183 + 76. Calculate the remainder when 440 is divided by r.
6
Let q(f) = -f**3 - 8*f**2 - 12*f - 22. Let u(v) = -v**3 - 7*v**2 - 4*v - 6. Calculate the remainder when u(-7) is divided by q(-7).
9
Suppose 6 = 2*c + c. Suppose 3*v + 56 = c*g + 17, -g - 4*v = -3. Suppose -18*t + 41*t - 138 = 0. What is the remainder when g is divided by t?
3
Let v be (-17)/(-5) - 57/(-95). Suppose -v*a - j = -197, -5*j = -2*a + 101 + 14. Calculate the remainder when a is divided by 17.
16
What is the remainder when 52 is divided by 20*2*(45/12)/15?
2
Suppose -3*u - 15 = -4*u. Suppose -3*g - 7 = -5*w - 20, 2*g + 3*w = u. What is the remainder when 14*(-1)/(1/(-2)) is divided by g?
4
Let n(m) be the second derivative of 9/2*m**2 - 1/3*m**3 + 0 + 6*m. Calculate the remainder when n(-7) is divided by 12.
11
Calculate the remainder when 5/(10/262) + -2 is divided by 35.
24
Let u = -49 - -71. Let k = -253 + 261. Calculate the remainder when u is divided by k.
6
Suppose -5*n = 3*k - n - 1203, -2*k + 802 = -3*n. What is the remainder when k is divided by 81?
77
Let o = 73 + -59. Let t(h) = h**3 - 11*h**2 + 3*h - 6. Suppose -4*k = -3 - 41. What is the remainder when t(k) is divided by o?
13
Let n(r) = -11*r - 171. Calculate the remainder when n(-24) is divided by 16.
13
Let s(o) = -o**3 - 16*o**2 - 42*o + 4. Calculate the remainder when 126 is divided by s(-13).
40
Let h = -12 + 6. Suppose 11 + 15 = 2*m. Calculate the remainder when m is divided by h + 4 + 8 + -2.
1
What is the remainder when ((-1099)/(-21) + -9)/(4/78) is divided by 8?
5
Suppose -2*r - 12 = -4*h, -2*h + h - r = -9. Suppose h*l = 38 + 162. What is the remainder when l is divided by 14?
12
Let g = -12 + 23. Let p(v) = -v**3 + 5*v**2 + 2*v + 41. What is the remainder when p(0) is divided by g?
8
Let z(o) = -o**3 + 10*o**2 - 3. Let i be z(10). What is the remainder when -3 + -5 + (52 - -3) is divided by 3/9 - 47/i?
15
Let y = -49 - -104. Suppose -3*n + 16*g = 17*g - 38, g - 26 = -2*n. What is the remainder when y is divided by n?
7
Suppose -4*g + 5*g = 0. Let y(l) = 5*l - 24. Let h(i) = i - 1. Let t(u) = 6*h(u) - y(u). What is the remainder when 69 is divided by t(g)?
15
Let v(g) = -3*g**2 - 3*g + 2. Let i(k) = 5*k**2 + 5*k - 3. Let q(s) = -2*i(s) - 5*v(s). Calculate the remainder when q(-3) is divided by 7.
5
Suppose -2*s = 5*r - 21, -2*r + 2 = 3*s + s. Suppose -r - 2 = -q. Let z = 31 + -5. Calculate the remainder when z is divided by q.
5
Suppose -3*w + 34 = 4*c, w + 28 = 2*c + 6. What is the remainder when 129 is divided by c?
9
Suppose 3*s - 3*l = 6, 5*s - 4*s - 3*l + 2 = 0. What is the remainder when 11 is divided by s?
3
Let a(l) = -35*l**3 + l**2 + l - 2. Let u be a(-2). What is the remainder when 27 is divided by (4/7)/(16/u)?
7
Suppose -4*v + 3*d = -52, 2*v = -2*d - 9 + 35. What is the remainder when (-31668)/(-145) - (1 + 3/(-5)) is divided by v?
10
S